1870
Calculate the remainder when 1315650 is divided by 735.
0
Calculate the remainder when 4647275 is divided by 1042.
997
Calculate the remainder when 22089 is divided by 6687.
2028
Calculate the remainder when 758022 is divided by 252530.
432
What is the remainder when 104613 is divided by 7468?
61
What is the remainder when 18315 is divided by 2277?
99
Calculate the remainder when 311933 is divided by 77879.
417
What is the remainder when 65832710 is divided by 44?
42
What is the remainder when 451785 is divided by 3322?
3315
Calculate the remainder when 1234671 is divided by 3232.
47
Calculate the remainder when 1096944 is divided by 65.
4
What is the remainder when 435633 is divided by 1545?
1488
Calculate the remainder when 12311221 is divided by 16911.
13
Calculate the remainder when 4173719 is divided by 98.
95
What is the remainder when 756839782 is divided by 302?
300
Calculate the remainder when 26846385 is divided by 21.
6
What is the remainder when 61432 is divided by 36?
16
What is the remainder when 23475 is divided by 344?
83
What is the remainder when 99118200 is divided by 9?
3
Calculate the remainder when 14371064 is divided by 76.
72
What is the remainder when 1903765 is divided by 126917?
10
What is the remainder when 6403359 is divided by 222?
213
What is the remainder when 812256299 is divided by 26?
23
Calculate the remainder when 4079490 is divided by 3729.
3693
What is the remainder when 1100933 is divided by 2630?
1593
What is the remainder when 308526 is divided by 9641?
14
What is the remainder when 60340 is divided by 3343?
166
What is the remainder when 4363 is divided by 3617?
746
What is the remainder when 229588 is divided by 1068?
1036
What is the remainder when 194545 is divided by 4321?
100
What is the remainder when 569512 is divided by 10918?
1776
Calculate the remainder when 4170055 is divided by 1390005.
40
Calculate the remainder when 4968465 is divided by 1242111.
21
What is the remainder when 1350908 is divided by 1141?
1105
What is the remainder when 139699 is divided by 4932?
1603
What is the remainder when 2186773 is divided by 22088?
61
Calculate the remainder when 6564924 is divided by 3173.
3160
What is the remainder when 40834 is divided by 963?
388
What is the remainder when 90746 is divided by 89367?
1379
Calculate the remainder when 1541312 is divided by 2168.
2032
Calculate the remainder when 3226991 is divided by 4482.
4433
Calculate the remainder when 792450 is divided by 575.
100
Calculate the remainder when 849013 is divided by 251.
131
What is the remainder when 23663 is divided by 7850?
113
What is the remainder when 30179291 is divided by 647?
623
What is the remainder when 543491 is divided by 63?
53
Calculate the remainder when 11477490 is divided by 2769.
2754
What is the remainder when 34531852 is divided by 734720?
12
What is the remainder when 11898774 is divided by 10605?
10569
Calculate the remainder when 523045 is divided by 6800.
6245
Calculate the remainder when 762707 is divided by 224.
211
What is the remainder when 105720 is divided by 496?
72
Calculate the remainder when 1270688 is divided by 94.
90
What is the remainder when 269529 is divided by 268540?
989
Calculate the remainder when 106284 is divided by 106086.
198
What is the remainder when 4879658 is divided by 419?
403
What is the remainder when 179272 is divided by 3458?
2914
What is the remainder when 1337654 is divided by 1060?
994
Calculate the remainder when 7898 is divided by 333.
239
Calculate the remainder when 41515 is divided by 10995.
8530
What is the remainder when 1470595 is divided by 210070?
105
What is the remainder when 6404878 is divided by 29246?
4
Calculate the remainder when 59704 is divided by 58616.
1088
Calculate the remainder when 35487790 is divided by 177.
175
What is the remainder when 2381555 is divided by 166?
119
What is the remainder when 208760 is divided by 208733?
27
Calculate the remainder when 1583095 is divided by 1045.
965
Calculate the remainder when 145158 is divided by 262.
10
What is the remainder when 384655 is divided by 459?
13
Calculate the remainder when 223552281 is divided by 4145.
4141
Calculate the remainder when 5953130 is divided by 7642.
12
What is the remainder when 5434532 is divided by 534?
14
What is the remainder when 5446 is divided by 305?
261
What is the remainder when 88318 is divided by 43897?
524
What is the remainder when 387921 is divided by 6165?
5691
Calculate the remainder when 12343282 is divided by 30.
22
What is the remainder when 73110 is divided by 25?
10
Calculate the remainder when 49733 is divided by 168.
5
Calculate the remainder when 4450498 is divided by 2586.
2578
What is the remainder when 1947151 is divided by 531?
505
Calculate the remainder when 1120826 is divided by 1658.
18
What is the remainder when 268164852 is divided by 86?
82
What is the remainder when 323707 is divided by 683?
648
Calculate the remainder when 49361 is divided by 963.
248
Calculate the remainder when 13835726 is divided by 323.
21
What is the remainder when 9570387 is divided by 1196?
1191
What is the remainder when 1934 is divided by 435?
194
Calculate the remainder when 52668 is divided by 12801.
1464
What is the remainder when 238490001 is divided by 500?
1
Calculate the remainder when 68885 is divided by 594.
575
What is the remainder when 178002 is divided by 177989?
13
Calculate the remainder when 1004812 is divided by 1917.
304
Calculate the remainder when 155805 is divided by 50184.
5253
Calculate the remainder when 173895 is divided by 3622.
39
What is the remainder when 964911 is divided by 3486?
2775
Calculate the remainder when 49397 is divided by 4932.
77
Calculate the remainder when 2343793 is divided by 53268.
1
Calculate the remainder when 8974160 is divided by 138064.
0
Calculate the remainder when 407278 is divided by 81445.
53
Calculate the remainder when 20293812 is divided by 91.
84
Calculate the remainder when 685480 is divided by 342468.
544
What is the remainder when 624661 is divided by 183?
82
What is the remainder when 4836382 is divided by 1590?
1192
What is the remainder when 121821 is divided by 17374?
203
Calculate the remainder when 3455684 is divided by 79.
66
What is the remainder when 92491 is divided by 46147?
197
Calculate the remainder when 4015518 is divided by 1887.
1869
What is the remainder when 7575554 is divided by 6366?
14
What is the remainder when 40549 is divided by 2369?
276
Calculate the remainder when 100377 is divided by 4562.
13
Calculate the remainder when 1388321 is divided by 3038.
2993
Calculate the remainder when 228503675 is divided by 1801.
1800
Calculate the remainder when 306926 is divided by 1906.
60
What is the remainder when 39552590 is divided by 19976?
110
What is the remainder when 89854598 is divided by 968?
966
What is the remainder when 312727 is divided by 156314?
99
What is the remainder when 1838056 is divided by 27?
4
Calculate the remainder when 1454451 is divided by 400.
51
Calculate the remainder when 865925 is divided by 3312.
1493
Calculate the remainder when 179722 is divided by 2363.
134
Calculate the remainder when 9194370 is divided by 85.
5
Calculate the remainder when 7087392 is divided by 67.
65
What is the remainder when 5314811 is divided by 5314808?
3
Calculate the remainder when 368279294 is divided by 88.
86
Calculate the remainder when 307451 is divided by 15367.
111
What is the remainder when 87037 is divided by 28902?
331
What is the remainder when 15184107 is divided by 6?
3
Calculate the remainder when 412551 is divided by 1318.
17
What is the remainder when 725060 is divided by 2544?
20
Calculate the remainder when 897079 is divided by 47214.
13
What is the remainder when 32022 is divided by 456?
102
Calculate the remainder when 7673650 is divided by 333.
331
What is the remainder when 235700 is divided by 38?
24
Calculate the remainder when 560443 is divided by 110006.
10413
What is the remainder when 1430733 is divided by 641?
21
Calculate the remainder when 53657537 is divided by 6347.
6346
What is the remainder when 5538173 is divided by 17580?
473
What is the remainder when 287338 is divided by 70513?
5286
What is the remainder when 97319942 is 